te number?
True
Is 19999709 composite?
True
Is 87716017 prime?
False
Is 1499477 composite?
True
Is 472843337 a composite number?
True
Is 22178071 a composite number?
False
Is 483787 composite?
False
Is 28081951 a prime number?
True
Is 112214393 a prime number?
True
Is 6748321 composite?
False
Is 1042873 composite?
True
Is 41354059 a prime number?
True
Is 198045541 a composite number?
False
Is 51779159 composite?
False
Is 30648049 a composite number?
False
Is 3111883 prime?
False
Is 40991347 a prime number?
True
Is 107324837 composite?
False
Is 6518147 a prime number?
True
Is 3390523 prime?
True
Is 31131379 a prime number?
True
Is 239276029 composite?
False
Is 8641141 a composite number?
True
Is 32150915 composite?
True
Is 135314033 a prime number?
False
Is 18082399 a prime number?
False
Is 27730811 a composite number?
False
Is 5034751 a composite number?
False
Is 2274611 a prime number?
False
Is 610711 composite?
True
Is 20110879 a composite number?
False
Is 12674059 a prime number?
True
Is 598613 a composite number?
False
Is 20262161 a prime number?
True
Is 3707663 a prime number?
True
Is 30432293 composite?
True
Is 8010391 a prime number?
True
Is 111645697 prime?
False
Is 411721 a composite number?
False
Is 5846371 a prime number?
False
Is 5887327 a prime number?
True
Is 28051579 prime?
False
Is 43135285 a prime number?
False
Is 15526221 a composite number?
True
Is 58666379 composite?
False
Is 49464619 a composite number?
True
Is 2850293 a composite number?
True
Is 311513465 composite?
True
Is 54633739 composite?
False
Is 575510359 a composite number?
True
Is 82711549 a composite number?
False
Is 52723617 a composite number?
True
Is 47020327 a composite number?
False
Is 2312439 composite?
True
Is 6546289 composite?
False
Is 506814623 composite?
True
Is 5989141 prime?
False
Is 38786827 composite?
False
Is 166802777 a prime number?
True
Is 2434777 prime?
False
Is 8881357 prime?
True
Is 5609717 a prime number?
False
Is 37665083 a composite number?
True
Is 39187879 composite?
False
Is 329757971 prime?
False
Is 60701969 prime?
True
Is 22347407 composite?
False
Is 56172967 composite?
True
Is 2051222 prime?
False
Is 349353493 a prime number?
False
Is 275540711 composite?
True
Is 537611 a prime number?
True
Is 2549103 composite?
True
Is 59541103 a composite number?
True
Is 7051073 a prime number?
False
Is 2408261 a composite number?
True
Is 84089947 prime?
True
Is 460171 prime?
True
Is 132470809 composite?
False
Is 620983 a composite number?
True
Is 3567713 a composite number?
True
Is 15120473 composite?
False
Is 14619023 composite?
False
Is 38100641 a prime number?
False
Is 199327 composite?
True
Is 58561193 prime?
True
Is 103227769 composite?
False
Is 3110543 a composite number?
True
Is 12620203 a composite number?
False
Is 7528817 a prime number?
True
Is 9018011 a prime number?
True
Is 2754965 prime?
False
Is 34403027 a composite number?
True
Is 547907 prime?
False
Is 21858961 a composite number?
True
Is 38562883 composite?
False
Is 382403 a composite number?
True
Is 27106979 prime?
True
Is 6996202 a prime number?
False
Is 4333327 prime?
True
Is 30275633 prime?
True
Is 3334757 a prime number?
False
Is 25645871 composite?
False
Is 425971057 a prime number?
False
Is 32967373 composite?
False
Is 50914601 a composite number?
True
Is 1018643 a composite number?
False
Is 30756443 composite?
True
Is 61453801 a composite number?
False
Is 390909377 a prime number?
True
Is 17396473 composite?
True
Is 58068631 a composite number?
False
Is 4495173 a composite number?
True
Is 37337 a prime number?
True
Is 30242713 composite?
False
Is 25100741 a composite number?
False
Is 2692498 a composite number?
True
Is 654554473 prime?
True
Is 87808307 a prime number?
True
Is 4201511 a prime number?
False
Is 6373961 a prime number?
False
Is 74812843 a composite number?
True
Is 143475413 a prime number?
True
Is 17803631 prime?
True
Is 511519 a prime number?
True
Is 138083 a prime number?
False
Is 7611809 a composite number?
False
Is 16541905 a composite number?
True
Is 32682529 prime?
False
Is 961393 prime?
True
Is 139041179 a composite number?
False
Is 9672883 a prime number?
False
Is 30718483 a prime number?
True
Is 1088483 prime?
False
Is 234892423 a composite number?
False
Is 54025801 composite?
True
Is 475669 a prime number?
True
Is 10173109 a composite number?
False
Is 667700101 a composite number?
True
Is 48148547 composite?
True
Is 459533339 a prime number?
True
Is 8882219 prime?
True
Is 9831502 a composite number?
True
Is 475021 a prime number?
False
Is 11672093 composite?
False
Is 149577283 prime?
True
Is 2203889 prime?
True
Is 16107871 prime?
False
Is 8495731 a composite number?
False
Is 1489957 composite?
True
Is 437947 composite?
False
Is 1141923 a composite number?
True
Is 178600967 prime?
False
Is 13713809 prime?
False
Is 2817718 composite?
True
Is 3739195 composite?
True
Is 7439297 a composite number?
False
Is 1348943 composite?
True
Is 9148241 composite?
False
Is 3137437 a composite number?
True
Is 36707387 a prime number?
True
Is 69415453 composite?
False
Is 294032449 prime?
True
Is 1476253 composite?
False
Is 23006 a composite number?
True
Is 221858449 a composite number?
True
Is 7215401 a prime number?
True
Is 6965353 a composite number?
True
Is 13326031 a composite number?
True
Is 4939567 a prime number?
True
Is 90907507 prime?
False
Is 2710249 a prime number?
True
Is 73273945 a composite number?
True
Is 2055187 a composite number?
False
Is 127026041 a prime number?
True
Is 41286893 a prime number?
True
Is 70583039 a prime number?
False
Is 45667519 a prime number?
False
Is 976381 a composite number?
True
Is 106333703 prime?
False
Is 48982267 a composite number?
False
Is 129423401 a prime number?
False
Is 27968693 a composite number?
False
Is 5686503 composite?
True
Is 19933303 composite?
True
Is 4903111 prime?
True
Is 2704019 composite?
False
Is 6988349 a composite number?
True
Is 79105151 prime?
False
Is 5898755 prime?
False
Is 55482569 prime?
False
Is 24835115 prime?
False
Is 20475491 composite?
False
Is 66091721 prime?
False
Is 2072773 a composite number?
False
Is 20068019 a composite number?
False
Is 58104203 a composite number?
True
Is 8033993 a prime number?
False
Is 393947 a prime number?
True
Is 49359767 prime?
False
Is 9800123 prime?
False
Is 24647699 prime?
True
Is 333578723 composite?
False
Is 318301313 a composite number?
True
Is 16564831 composite?
False
Is 14183849 prime?
True
Is 7213061 composite?
False
Is 33980935 composite?
True
Is 185768839 a prime number?
True
Is 84948727 a prime number?
True
Is 8781131 a prime number?
True
Is 41981689 a prime number?
True
Is 1099181 prime?
True
Is 27991531 a composite number?
True
Is 4722665 a prime number?
False
Is 7030063 a prime number?
True
Is 237050909 a prime number?
True
Is 3448097 a composite number?
False
Is 39906599 prime?
False
Is 4636111 prime?
True
Is 108264103 prime?
True
Is 341236877 a composite number?
False
Is 19152107 prime?
False
Is 391283 a prime number?
True
Is 12272111 a composite number?
True
Is 13784741 a prime number?
False
Is 7065941 a composite number?
False
Is 39004447 prime?
True
Is 38546243 prime?
True
Is 2365694 a composite number?
True
Is 2967431 a composite number?
True
Is 123551437 prime?
False
Is 137804921 composite?
False
Is 19960169 prime?
True
Is 250727 composite?
False
Is 2577539 prime?
True
Is 10542893 a prime number?
True
Is 14519587 a prime number?
True
Is 191752745 prime?
False
Is 22831871 a composite number?
True
Is 104616397 a prime number?
False
Is 363677 a prime number?
True
Is 2668423 composite?
True
Is 11916769 a prime number?
False
Is 39203237 a prime number?
True
Is 13053749 a prime number?
True
Is 13709117 prime?
True
Is 2727941 a composite number?
False
Is 1806331 a composite number?
False
Is 17760163 a composite number?
True
Is 1487177 composite?
True
Is 35886343 composite?
False
Is 17315119 composite?
False
Is 420951205 a composite number?
True
Is 5322461 prime?
True
Is 237469003 a prime number?
True
Is 4126 composite?
True
Is 31158487 prime?
True
Is 53473241 prime?
True
Is 20021367 a prime number?
False
Is 163825997 composite?
False
Is 92341079 a composite number?
True
Is 21977531 a composite number?
False
Is 42951849 composite?
True
Is 72